. Let q be (-4)/6*m/(-1). Let a = q - -3. List the prime factors of a.
5
Let t be -31 + (-2 - 0) + -3. Let m be (7/3)/((-3)/t). Suppose -m = f - 5*f. List the prime factors of f.
7
Let n(j) = j**3 - 4*j**2 - 3*j - 7. Let q be n(5). Let z(d) = -d + 2. Let y be z(0). What are the prime factors of (y/5)/(q/105)?
2, 7
Suppose 4*l - 2*t - 100 = 0, 4*l = -2*t - 35 + 119. List the prime factors of l.
23
Suppose 2*g - 293 = -237. What are the prime factors of g?
2, 7
Let j = 2 - -3. List the prime factors of (30/(-9))/j*-36.
2, 3
Suppose 0 = -4*d + 4*s - 1 + 121, -2*d - 2*s + 76 = 0. What are the prime factors of d?
2, 17
Let b(h) = h**3 - 7*h**2 + 8*h + 9. List the prime factors of b(8).
137
Suppose 2*r - 2*d = 4, -10 = -6*r + r - d. Suppose -2*a + 74 = 6*z - z, z = r*a + 22. What are the prime factors of z?
2
Suppose 2*s = 4*s + 10. List the prime factors of 1 + -4 - (-25 - s).
17
Suppose 0 = -2*o + 4, -4*j - 3*o - 2*o + 50 = 0. Suppose f - j = -4. List the prime factors of f.
2, 3
Let h(k) = k - 1. Let m be h(-6). Let c be 2202/21 - 1/m. Suppose 2*q = 3*p - 56, c = 5*p + 2*q + 33. List the prime factors of p.
2
Let o = 39 + 2. Let q = 57 - o. Let s = -2 + q. List the prime factors of s.
2, 7
Suppose 16*t - 13*t = 231. List the prime factors of t.
7, 11
Let t = -18 - -27. List the prime factors of t.
3
Let p be 2/(-3)*24/(-2). Let v = p - 6. Suppose -v*o - 4*l - 28 = -4*o, -3*l = 6. What are the prime factors of o?
2, 5
Let a(w) = w**2 + w. Let x be (2 - 1) + (-2)/2. Let f be a(x). Suppose f = -3*j + 2*p - 3*p + 11, j + 1 = -5*p. What are the prime factors of j?
2
What are the prime factors of 4/(-22) - (-1856)/44?
2, 3, 7
Let l = -4 + 5. Let i be (-2)/(-5)*(l + -11). Let z = 9 + i. List the prime factors of z.
5
Let b = 0 + 0. Suppose j = 2*g - 7, -g + 1 + 3 = b. Let v = 8 + j. What are the prime factors of v?
3
Suppose -4*t + 6*t - 50 = 0. What are the prime factors of t?
5
Let s be (0 + 1)/(0 + -1). List the prime factors of s + -2 + 12 + 3.
2, 3
Suppose l = -3*l - 24. Let g be (28/l)/(2/(-15)). Suppose 4*y - g - 5 = 0. What are the prime factors of y?
2, 5
Let x be 6/(-8) + (-134)/(-8). Let o = x + -9. What are the prime factors of o?
7
Suppose -9 = -3*z + 18. Let w be 0*(-3)/z + 24. Suppose w = -3*y + 75. List the prime factors of y.
17
Let p be 1/(-3*(-1)/27). What are the prime factors of 18/(-15)*(-120)/p?
2
Let p(y) = -y**2 + 6*y. Let i be p(6). Suppose i = -4*z - 5*a + 8, a = -z + 3*a + 2. Suppose 0 = -3*l + z + 4. List the prime factors of l.
2
Let g(n) = -n**2 + 10*n + 14. Let t = -9 - -15. List the prime factors of g(t).
2, 19
Let q = 77 - 5. List the prime factors of q.
2, 3
Let f(x) be the second derivative of x**4/12 - 3*x**2/2 - 2*x. Let s be f(-6). Suppose 0 = -2*v - v + s. What are the prime factors of v?
11
Suppose 442 = 4*h - 2*t, 0 = 6*h - h + 5*t - 530. What are the prime factors of h?
109
Let y(i) = -25*i - 5. List the prime factors of y(-2).
3, 5
Let u(c) = -2*c + 93. What are the prime factors of u(22)?
7
Suppose 0 = 3*p + 15, 3*u = -2*p + p + 10. Suppose 3*k = u*k - 18. What are the prime factors of k?
3
Let x = 5 - -7. Suppose -4 = -4*v + 2*s + 4, 0 = -3*s + x. What are the prime factors of ((-30)/12)/((-2)/v)?
5
Suppose 4*h = -2*s + 48, -3*h - 8 = -7*h. List the prime factors of s.
2, 5
Let z(i) = 3*i - 4. Let s(j) = 3*j**2 - 2*j - 1. Let r be s(-1). What are the prime factors of z(r)?
2
Let z(m) = 126*m + 2. Let c be z(-1). What are the prime factors of (c/(-8) + -3)*2?
5
Let f(k) = -k**3 + 9*k**2 + 16*k - 18. List the prime factors of f(9).
2, 3, 7
Suppose 50 + 78 = 4*k. What are the prime factors of k?
2
Suppose 21 = -2*y - 5*v, -5*y + 0*y + 35 = -5*v. Suppose 0 = y*n + 1 - 15. What are the prime factors of n?
7
Let k(b) = 4*b**3 + 6*b**2 + 4*b - 1. Let s(j) = 7*j**3 + 12*j**2 + 7*j - 2. Let d(l) = -5*k(l) + 3*s(l). What are the prime factors of d(-5)?
19
Let b(h) = -h**3 + 5*h**2 + 7*h + 6. Let s be 8/36 + 104/18. Let l be b(s). Suppose 4*v + l = 68. List the prime factors of v.
2, 7
Suppose 5*r - d - 2*d + 35 = 0, 2*d + 21 = -3*r. Let i = 8 - r. Suppose -6*n - 5 = -p - 3*n, -3*p + i = -3*n. List the prime factors of p.
5
Let l(u) = 94*u**3 - 4*u + 3. List the prime factors of l(1).
3, 31
List the prime factors of 4/3 + (-5769)/(-27).
5, 43
Let r = 220 + -198. List the prime factors of r.
2, 11
Let d(h) = 4*h**3 - 4*h**2 - 4*h - 2. Let o be d(-2). Let f = o - -60. What are the prime factors of f?
2, 3
What are the prime factors of (-8)/(-3)*(-3 + 6)?
2
Let k(p) = -p**3 - 8*p**2 - p. Let t be k(-8). Let b = t + -3. What are the prime factors of b?
5
Let x(h) = -h**2 - 5*h + 1. Let u be x(-4). Let n(r) = 4*r - 6. List the prime factors of n(u).
2, 7
Let i(h) = -1 + h**2 + 7 - h + 2 + 0*h. Let x be 3/6*4 + -2. List the prime factors of i(x).
2
Let o be -1 + -2 + 3/(-3). Let y(t) be the first derivative of -t**2 - t + 1. What are the prime factors of y(o)?
7
Let s be 1/4 + (-70)/(-8). Let z(d) = 4*d**3 - 2*d + 1. Let t be z(1). Let l = s - t. What are the prime factors of l?
2, 3
Let c(a) be the first derivative of 2*a**3/3 - a**2 - 2*a + 1. Let i(k) be the first derivative of c(k). List the prime factors of i(3).
2, 5
Let n(o) = o**2 + 5*o + 3. Let f be n(-5). Suppose -f*p = 4*b + 7, 2*p = -0*b - 5*b. Suppose b*w + 4*j = 12, -w = -0*w - 5*j - 20. List the prime factors of w.
2, 5
Let t(k) = -k**3 + 6*k**2 - 6*k + 3. Suppose 0 = -0*m - 4*m + 20. Let b be t(m). Let d = 8 + b. List the prime factors of d.
2, 3
Let c be 3/(2*1/(-2)). List the prime factors of (c + 15/7)*-14.
2, 3
Suppose o = -1 - 4. Let d = o + 7. What are the prime factors of d?
2
Suppose -3*x + 78 = 9. Let k = x - 14. List the prime factors of k.
3
Suppose -4*c + 2*c = -f - 136, -4*c - 3*f = -292. List the prime factors of c.
2, 5, 7
Let l(t) be the second derivative of -t**4/12 - 5*t**3/3 + 5*t**2/2 + 2*t. What are the prime factors of l(-9)?
2, 7
Suppose -5*n + 25 = 0, 2*u + 41 = -0*u + n. Let l be u/5 + (-2)/5. List the prime factors of (9/l)/(1/(-4)).
3
Let h = 36 - 22. Let a be 38/14 - (-4)/h. Suppose -3*f + 2*j = -17, -5*f + 11 = -a*j + 4*j. List the prime factors of f.
3
Suppose 2*t = -6 + 194. List the prime factors of t.
2, 47
Suppose m + 2*m = 42. Let u(t) = t**3 + t**2 + 3. Let q be u(0). Suppose 3*h = -4*b + q*b + m, -2*h + 5*b - 19 = 0. List the prime factors of h.
3
Let c(y) be the first derivative of 15*y**3 + y + 5. What are the prime factors of c(-1)?
2, 23
Suppose -3 + 4 = l. Let f be 0 - (1/(-1) - l). Suppose 2*j + f = 8. List the prime factors of j.
3
Let y = 17 + -51. Let k be (-9)/(-6)*y/(-3). Let d = k + -4. List the prime factors of d.
13
What are the prime factors of 175 + (-1)/1 + 5?
179
Let p(a) = -2*a - 11. Let z be p(-6). List the prime factors of z/4 - (-14)/8.
2
Let q = 611 + -214. What are the prime factors of q?
397
Let j = 6 + -3. Suppose -j*h + 3 = -3. List the prime factors of -7*(h + -1)*-1.
7
Let y = 7 + 0. List the prime factors of y.
7
Let t(a) = -a**3 - 2*a**2 - a. Let v be t(-2). Let y(h) be the third derivative of -h**5/60 + h**4/6 + h**3/6 + 9*h**2. List the prime factors of y(v).
5
Suppose 7*s + 5*o = 2*s - 10, -4*o = 3*s + 6. What are the prime factors of 1*3/s*-2?
3
Suppose -2*p + 86 = -2*g, 53 = -g - 2*p + p. Let k be g/(-27) - 4/(-18). List the prime factors of 9/k*(-4 + 6).
3
Suppose 3*x - 145 = 2*x. Suppose -4*l + 308 = 5*y, 2*y + 8 = 3*l + x. Suppose 5*b - y = 3*d, 5*b - d - 39 = 19. List the prime factors of b.
11
Let x(p) be the first derivative of -p**2/2 + p - 3. What are the prime factors of x(-7)?
2
Suppose 0 = -2*m + 4*t + 52, 0 = -2*t - 3*t - 25. List the prime factors of m.
2
Let a = 72 - 112. Let o = 67 + a. What are the prime factors of o?
3
Let p be -3*-2*(-1)/(-2). Let r = 14 - 12. Suppose -r*d = -d - p. List the prime factors of d.
3
Let x(j) = -j - 1. Let n be x(0). Let l be 1/2 + (-8)/16. List the prime factors of (n - l/3)*-4.
2
Let v be (1 - 4) + 1 + 8. Suppose 2*z - v = -0*z. What are the prime factors of z?
3
Suppose -6 = -2*f - 0*f, -2*f + 42 = -3*n. Let v be (-1 - -1) + (5 - n). Let y = v - 5. List the prime factors of y.
2, 3
Let g(j) = j**3 + 9*j**2 + 10*j. What are the prime factors of g(-7)?
2, 7
List the prime factors of ((-1)/4)/(1/2)*-458.
229
Let l(q) = -q - 3. Let y be